q. Calculate the greatest common factor of q and 8343.
81
Let f be -1 - -3 - 728/(-56). Let m(l) = l**2 + l - 3. Let z be m(0). Let v be 9 + -2 + (-9)/z. What is the highest common factor of f and v?
5
Let v(x) = -2*x**3 + x**2 - 5*x - 2. Let u be v(-2). Suppose 78 = u*a - 22*a. Calculate the highest common divisor of a and 312.
13
Let x be (-1 - 10*-6) + (-1 - -5). Suppose 6*c - c = o - 33, 3*o = -3*c + x. What is the highest common factor of 368 and o?
23
Suppose -1119 + 521 = -2*z. What is the highest common factor of z and 2210?
13
Suppose 0*t - b + 194 = 3*t, 0 = t - 5*b - 54. What is the highest common factor of 296 and t?
8
Let w(y) = -2*y**2 - 27*y - 63. Let t be w(-10). Suppose 0 = -t*p + 38*p - 3968. Calculate the greatest common factor of 96 and p.
32
Let t = -3135 - -3153. Let l(j) = 6*j**2 - 4*j + 2. Let u(b) = b + 7. Let x be u(-5). Let c be l(x). Calculate the highest common factor of c and t.
18
Suppose -3*n + 4*t = 25, 7 = 3*n + 5*t - 4. Let d be (-208)/(-39) - (-4)/n. Let v = -32 - -60. What is the greatest common factor of d and v?
4
Let j be -480*(3 + 91/(-26)). Calculate the greatest common divisor of j and 168.
24
Let x = -595 - -217. Let j = x + 626. Calculate the greatest common divisor of 16 and j.
8
Suppose 31 = 4*h - 81. Let d = 5648 - 5522. What is the highest common divisor of h and d?
14
Let h = 64852 - 64840. Let c(s) = -432*s**3. Let o be c(-1). Suppose 0*b - o = -4*b. Calculate the highest common divisor of b and h.
12
Suppose 14*n = -88*n - 1502 + 8234. What is the highest common divisor of 68 and n?
2
Suppose -k + 4*t - 4 = 0, t - 35 = -3*k - k. Suppose -u = -5*b + 3250, 3*b + u = 1852 + 82. Calculate the highest common divisor of k and b.
8
Let u(p) = 22*p**2 - 5*p + 21. Let t be u(3). Suppose 4*a - 30 + 2 = -3*x, 5*x = 4*a + 68. What is the highest common factor of t and x?
12
Suppose 11*v + 111 - 1255 = 0. Let s(p) = -4*p**2 - 5*p + 9. Let n be s(-6). Let d = n - -261. What is the highest common divisor of d and v?
52
Let y(o) = -o**2 + 85*o - 1778. Let p be y(46). Calculate the greatest common divisor of 736 and p.
16
Let n = 73 - -37. Suppose 3*a - 8 = -20, 5*a = -5*k + n. Let d = k - -40. What is the highest common divisor of 22 and d?
22
Suppose -k + 5*i - 9 = 0, 3*k - 2*k + 3*i = 23. Suppose k*g + 70 = 9*g. Let q be (-10)/g + (-82)/(-7). Calculate the greatest common factor of 12 and q.
12
Suppose 6*z + 3*c = 10*z - 11588, -2*z = 5*c - 5820. What is the greatest common factor of z and 58?
58
Let k = -13097 - -21161. Calculate the greatest common factor of 1764 and k.
252
Let r be (-3 + (-9)/(-6))/((-3)/80). Suppose -22*v + r = -12*v. Calculate the greatest common factor of v and 19.
1
Suppose 0 = 10*h + j - 238327 - 38416, -27689 = -h + 2*j. What is the highest common factor of 81 and h?
27
Let q(k) = 48*k**2 + 3*k - 2. Let u be q(1). Let d be (2 - (-26)/8)/(9/60). Calculate the highest common factor of d and u.
7
Let a be 0/(-1*2/(-2)). Suppose -2*s + 240 = -4*w, -2*w + 4*w = a. Let y = 124516 + -124468. Calculate the highest common factor of s and y.
24
Suppose -6 = -3*p, 1477 = 3*j + 7*p - 11*p. What is the highest common factor of j and 135?
45
Suppose -28*z - 336 + 1136 = -8*z. Calculate the highest common factor of 1060 and z.
20
Suppose 3*p - y = -3, 0*p - 4*p = 5*y + 23. Let k be p - 9 - (-8)/2 - 0. Let v be (2 + 2/k)*(-8 + 15). Calculate the highest common factor of 48 and v.
12
Let p = 2501 + -2333. Let x(r) = -r**3 - r + 21. Let b be x(0). Calculate the highest common factor of b and p.
21
Let q be (25/600)/(5/30) - 179/(-4). Calculate the greatest common factor of q and 1539.
9
Suppose -18*l - 8 = -242. Suppose c - 103 = -4*z - l, 0 = 3*z. What is the highest common factor of 6 and c?
6
Suppose j + 4*u = 5544 - 1748, 3*u - 12 = 0. Calculate the highest common divisor of j and 60.
60
Let w(f) = f**3 - 14*f**2 + 43*f + 58. Let b be w(7). Let j(k) = k**3 + 6*k**2 + 3*k - 2. Let p be j(-5). Calculate the greatest common factor of b and p.
8
Let j be (12/(-3) + -2)*(5 - -2). Suppose -s = 3*d + 382, 4*d - 8*d + s = 500. Let m = j - d. What is the highest common factor of 21 and m?
21
Let v(z) = 64*z**2 - 120*z**2 - 13 + 12*z + 55*z**2. Let d be v(11). Let c be (((-20)/15)/d)/(1/33). Calculate the highest common divisor of 22 and c.
22
Suppose -153*w = 2*q - 167*w - 61262, -q + 30641 = -2*w. Calculate the highest common factor of 135 and q.
135
Let c(o) = -3*o + 25. Let t be c(8). Let q = 93 - 62. What is the highest common factor of t and q?
1
Suppose -9760 = -4780*a + 4760*a. Calculate the greatest common divisor of a and 32.
8
Let p(b) = 465*b**2 - 25*b + 6. Let z be p(-4). What is the greatest common divisor of z and 98?
98
Suppose 191 + 322 = 3*w. Suppose -3487 = -8*i + 5153. Let y = i + -1071. What is the highest common divisor of w and y?
9
Let r = -604 - -520. Let d = -33 - 15. Let x = d - r. Calculate the greatest common divisor of 396 and x.
36
Suppose 0 = -2*l - 0*c + 5*c + 3395, 3*l - 5083 = -2*c. Suppose 0 = -3*z - 156 + l. Calculate the highest common divisor of 19 and z.
19
Let x be (-12)/(-15)*-5 + 0 + 376. Calculate the highest common divisor of 248 and x.
124
Let z(v) = v**3 - 61*v**2 - 63*v + 632. Let m be z(62). Calculate the highest common factor of m and 19.
19
Suppose -c - 2*c + 492 = 0. Suppose -32 = -p - 4*l, 4*p - l = l + c. Let v be 5*(0 - 3 - (-15 + 11)). What is the highest common divisor of p and v?
5
Suppose 5*z - 160 = 3*z + 5*q, 3*z = -2*q + 202. Suppose -4*v = -z + 2. What is the greatest common factor of v and 153?
17
Let y = 927 - 923. Suppose 2*m - 51 = -f, -4*m = -y*f - 0*f - 84. What is the highest common factor of m and 64?
8
Let x = -16934 - -19976. Calculate the greatest common divisor of x and 144.
18
Let s(x) = -63*x - 606. Let f be s(-26). Calculate the greatest common divisor of f and 6966.
258
Let u be ((-418)/1881)/((-1)/15966). Calculate the highest common divisor of 4 and u.
4
Let y(h) = 2*h**3 - 52*h**2 - 5*h + 166. Let p be y(26). Calculate the highest common factor of 1164 and p.
12
Let y be 8/28 - (-3 - 34488/28). What is the highest common factor of y and 13?
13
Suppose -202 = 12*s + 206. Let x be (s/(-4)*2)/(12/24). Calculate the greatest common divisor of x and 51.
17
Let c be 4/16 - 30/(-8). Suppose 4*p = -c*p + 168. Suppose 5*q = t + 62, -2*q + 8 + p = t. What is the highest common factor of 91 and q?
13
Suppose 5*x - 5 = 0, -3*f - 2*x = -3*x + 1. Let a be 3807/27 - (f - 0). What is the highest common factor of a and 188?
47
Suppose 0 = -2*u + 18 - 14. Suppose -3*i = -i - u*l - 16, -4*l = i - 18. Suppose 0 = 5*z - 4*z - i. Calculate the highest common divisor of z and 20.
10
Suppose -286 = 11*o - 451. What is the highest common factor of 6240 and o?
15
Let v be -1 - 11/((-66)/(-432)). Let o = 213 + v. Calculate the greatest common divisor of 40 and o.
20
Let m be (9 - 7) + (0 - 4). Let g be (-1)/((-5)/320) + 1. Let q = g + m. What is the highest common divisor of 18 and q?
9
Let d = 18763 + -17935. Calculate the highest common factor of 216 and d.
36
Suppose 3*o - 2908 = -3*f + 2*o, 4*o = f - 978. Suppose 4*z + 5*n = f, 3*n = 4*z + z - 1194. What is the greatest common divisor of z and 16?
16
Let q be (35/2 + 1)*-2. Let a = q + 19. Let c = a + 25. What is the greatest common factor of c and 56?
7
Let o(z) = 15*z - 1. Let h be o(5). Let x be 3548/24 + -6*(-4)/144. What is the greatest common factor of x and h?
74
Let x be (6 - 34)*(-320)/56. Calculate the highest common divisor of x and 400.
80
Let c(h) = h**2 - 38*h - 49. Let k be c(41). Suppose 0 = 2*b + 2, -4*b = -5*s - 0*b + 4259. What is the highest common factor of k and s?
37
Let t(k) = k**3 - 2*k**2 + 4. Let h be t(0). Let r be (-160)/(-25) - (-4)/(-10). Let j be ((-96)/(-80))/(r/70). Calculate the highest common divisor of j and h.
2
Let r = -28493 + 31053. Calculate the greatest common divisor of r and 70.
10
Let q be 40 + (-1 - -4) + -2. Suppose -5*v = -25, 4*d + 5*v - 22 = 19. Suppose d*k - 39 = q. What is the highest common factor of 140 and k?
20
Let t be 2423/12 + (17/12)/17. What is the greatest common factor of t and 2?
2
Suppose -110*c + 53*c + 55*c + 32 = 0. Let m(k) = 10*k - 4. Let g be m(6). Calculate the greatest common divisor of c and g.
8
Let d be (-385)/(-22)